 x(24)?
27
Suppose -3*g - 17 = 2*r - 58, g - 35 = -2*r. Let x(y) = 13*y**2 - 3*y - 2. What is the remainder when x(-2) is divided by r?
8
Suppose 11 = -12*d + 347. What is the remainder when 50 is divided by d?
22
What is the remainder when (-11 + (-3685)/33)/(4/(-6)) is divided by 47?
43
Suppose 5*w + 4*d - 193 = 0, 6*d - d - 47 = -w. Calculate the remainder when 219 is divided by w.
34
Suppose 5*o + 3*t - 297 + 67 = 0, -3*o + 142 = t. Let u = 11 + 233. What is the remainder when u is divided by o?
48
Suppose 0*n + 2*n - 4 = 0, 2*m - 4*n = 0. Let h(b) = 1 + 8*b - 9*b + 0 + 5. What is the remainder when h(-9) is divided by m?
3
Let a(u) = u**3 - 14*u**2 - 38*u - 53. What is the remainder when a(17) is divided by 86?
82
Suppose 0 = 5*q + 654 - 3469. Calculate the remainder when q is divided by 47.
46
Suppose l - 4*g = 1, -99 = -4*l + 81*g - 84*g. Suppose -4*c + 580 - 176 = 0. Calculate the remainder when c is divided by l.
17
Let g = -85 + 149. Calculate the remainder when g is divided by (-6)/22 + (-4170)/(-165).
14
Let z(h) = -h**3 + h + 2*h**3 + 9*h**2 + 13 - 7. Let r be z(-9). Calculate the remainder when 53 is divided by 16 + 8/(r - 1).
11
Suppose 2*q = 13 + 643. Suppose q = 4*w - 4*t, 3*w - 3*t - 240 = -6*t. What is the remainder when w is divided by 14?
11
Let j(m) = -m**2 - 11*m - 22. Let c be j(-8). Calculate the remainder when c/(-3)*6/(-4) - -159 is divided by 15.
10
Let o = 4 - -6. Let n(b) = -b**3 - 16*b**2 - 2*b + 10. Let w be n(-16). Suppose -143 = -5*f + w. What is the remainder when f is divided by o?
7
Let m be ((-2)/(-5))/((-1)/(-15)). Suppose -m*a + 38 = -4*a. Suppose 0 = -4*t + 20, -8*l + 3*l - 3*t = -285. Calculate the remainder when l is divided by a.
16
Let r(h) = -2*h**3 + 13*h**2 + 8*h - 45. What is the remainder when r(6) is divided by 23?
16
Suppose -5*f - 3*b + 431 = 93, 5*b = 2*f - 160. Calculate the remainder when f is divided by 12.
10
Let w = 140 - 31. Calculate the remainder when w is divided by 28.
25
Suppose -27*x + 162 = 27*x. Calculate the remainder when 9 is divided by x.
0
Let w(s) = -s**3 + 20*s**2 - 17*s - 25. Let f = 238 - 219. Calculate the remainder when w(f) is divided by 4/14 + 54/7.
5
Let r be 2/(-4) + (-21)/6. Calculate the remainder when 74 is divided by r/14 + 3186/126.
24
Let q(u) = 10*u**2 - 47*u**3 + 2*u - 23*u**2 + 3 + 12*u**2. Calculate the remainder when q(-1) is divided by 6.
5
Suppose 8 = -0*y - y. Let x be (-2178)/24 - 6/y. Let r = x - -127. What is the remainder when r is divided by 19?
18
Let v(z) = 5*z**2 + 5*z - 2. Suppose -27*y - 36 = -30*y. What is the remainder when v(3) is divided by y?
10
Let z = 2030 + -1705. Calculate the remainder when z is divided by 115.
95
Suppose -3*b + 2*g + 85 = 0, 2*b + 65 = 5*b + 2*g. Suppose 25 = f - b. Let v = 71 - f. Calculate the remainder when v is divided by 11.
10
Let a be 87/7 - (-39)/(-91). Suppose 0 = 8*y - 36 - a. Calculate the remainder when 21 is divided by y.
3
Let q(v) be the second derivative of -5*v**3/2 + 3*v. Suppose -5*l = 3*o - 182, 0*l - l + 1 = 0. Calculate the remainder when o is divided by q(-1).
14
Let f(z) = 3*z**2 - 36*z + 325. What is the remainder when f(10) is divided by 68?
61
Let m be (-10 + -2)*21/(-28). Suppose 3*c - 4*d - 2 - 27 = 0, c - d - m = 0. Let p = 37 - c. What is the remainder when p is divided by 16?
14
Suppose -3*s + 30 = 3*s. Suppose 4*k - 182 = s*y + 54, 2*k + y - 118 = 0. Calculate the remainder when k is divided by 12.
11
Suppose -2*h = -2*j + 11 + 15, -2*j + 28 = -3*h. Suppose 4*m - 2*t = 30, -2*t = 3*m + 2*m - 60. What is the remainder when j is divided by (18/15)/(3/m)?
3
Let r(g) = 5*g - 1. Let a(m) = -3*m + 1. Let q be a(-1). Suppose -h + 1 = q*n, -5*n + 20 = 3*h + 3. Calculate the remainder when h is divided by r(1).
1
Let l = 882 + -870. Calculate the remainder when 42 is divided by l.
6
Let y = 1421 - 1220. Calculate the remainder when y is divided by 69.
63
Let h be 10/(-6) + (-8)/(-12). Let c be h*(22 - 0) + 1. Let q = -16 - c. What is the remainder when q is divided by 4?
1
Suppose -4*j = -a - 860 + 91, 0 = -4*j + 5*a + 757. Calculate the remainder when j is divided by 4.
1
Suppose -5*m + 195 = k, 4*k = 5*m - 199 + 4. Suppose -8 = -30*i + 22*i. Let s(a) = 16*a**2 - 3*a + 1. Calculate the remainder when m is divided by s(i).
11
Suppose 32 = -k + 8. Suppose -4*u + 202 = -0*u - 2*x, 2*u - 91 = 3*x. Let n = u + k. What is the remainder when n is divided by 16?
13
Let u(r) = 12*r**2 + 11*r + 43. Calculate the remainder when u(-6) is divided by 82.
81
Let i(p) = -p**2 - p + 7. Let h(c) = -c**2 - 2*c + 8. Let o(z) = 5*h(z) - 4*i(z). What is the remainder when 34 is divided by o(-6)?
10
Suppose 0 = 3*j - 7*j + 44. Suppose -r - 8 + 1 = 3*b, -4*r + 5 = b. Suppose -r*l + 9 = 1. Calculate the remainder when j is divided by l.
3
Suppose 106 = m + 24. Let x be -2 - (0/2 + -2). Suppose 2*r + 13 - 47 = x. Calculate the remainder when m is divided by r.
14
Let v(n) = 157*n**2 + n - 2. Let b be v(1). Suppose -3*o + b = 5*x, -13 - 122 = -4*x + o. What is the remainder when x is divided by 17?
16
Let t = -191 + 304. What is the remainder when t is divided by 34?
11
Let t(n) = 7*n**3 + 6 + 11*n**2 - 9*n + 13 - 9 - 7*n. Let y(x) = -x**3 + x - 1. Let w(f) = -t(f) - 6*y(f). What is the remainder when w(-12) is divided by 11?
9
Let n(x) = 40*x - 172. Calculate the remainder when n(5) is divided by 17.
11
Let p(i) = -i - 4. Let t be p(-5). Let d(u) = u + 31. Calculate the remainder when (5 + -3)*(32 + t) is divided by d(-14).
15
Suppose 6*l = l - 45. Let b(p) = -9*p - 19. Let m be b(l). What is the remainder when 123 is divided by (m/(-8))/(2/(-8))?
30
Suppose 5*r + 39 - 14 = 0. Let p(j) = 4*j**2 + j + 18. Let n(u) = 2*u**2 - 6*u - 7. What is the remainder when p(r) is divided by n(6)?
26
Let y(p) = 1. Let j(q) = -6*q - 3. Let t(a) = -j(a) + 2*y(a). What is the remainder when 33 is divided by t(2)?
16
Let b = 94 + 20. Calculate the remainder when 114 is divided by b.
0
What is the remainder when 475 is divided by ((-16)/18)/(13/(-234))?
11
Let g = -15 - -9. Let r(v) = -v**3 - 6*v**2 - 8*v + 6. Suppose q = 2*i + 14, -3*i = -4*q + q + 42. Calculate the remainder when r(g) is divided by q.
12
What is the remainder when 423 is divided by (-1 - 20)*-7 + (-7 - -1)?
0
Let c be (59 - 1) + 12/6. Calculate the remainder when 120 is divided by ((-20)/c)/((-2)/186).
27
Let i = 341 + -298. Calculate the remainder when 139 is divided by i.
10
Let x = -21 - -51. Let w = 316 - 198. Calculate the remainder when w is divided by x.
28
Let a = 71 - 50. What is the remainder when a is divided by (637/(-39) + 16)/((-1)/33)?
10
Suppose 5*s - 109 - 1 = 0. Suppose 0 = 5*o - 2*o - 36. Calculate the remainder when s is divided by o.
10
Let t = -11107 - -11130. Let j = 14 + -10. Suppose -34 = -j*n + 18. What is the remainder when t is divided by n?
10
Let g(n) = 12*n**3 - n**2 + n - 1. Let c be 1/2 - 1/(-2). Let k = 973 + -967. Calculate the remainder when g(c) is divided by k.
5
Let m(o) = -o**3 + 8*o**2 + 5*o + 8. Suppose 0 = -2*q + 4*c + 54, -4*q + 6*q = -c + 79. Calculate the remainder when m(6) is divided by q.
36
Let l be 8/(-6)*(-6)/(-1). Let j = -356 - -331. Let z = l - j. What is the remainder when 66 is divided by z?
15
Let u(b) = -2*b - 10. Let w be u(8). Let x = 31 + w. Suppose 0 = -x*q - 2*p + 143, -p - 2*p = 5*q - 147. What is the remainder when 80 is divided by q?
26
Let l = 125 + -123. Suppose -2*z + 1243 = 5*j, 2*j + 34 = -l*z + 530. Calculate the remainder when j is divided by 28.
25
Let a(b) = b + 98. What is the remainder when a(14) is divided by 19?
17
Let u = 1038 + -443. What is the remainder when u is divided by 26?
23
Let r be (-4 - 1) + (-8)/(-2). Let t(f) = 52*f**2 - 3*f - 1. Calculate the remainder when t(r) is divided by 29.
25
Let p = -52 - -87. Suppose -2*l + 4*v - 8 = 0, 16*l = 17*l + 3*v - 21. Calculate the remainder when p is divided by l.
5
Suppose -2*r = -3*i + 102, -2*r = 3*i + i + 102. Let b = r + 56. Calculate the remainder when 17 is divided by b.
2
Let b be (-1)/(-1 - 4/(-2)). Let q be (-5)/((-5)/(-3))*b. Suppose -2*z + 5*z - q = 0. Calculate the remainder when 1 is divided by z.
0
Calculate the remainder when 257 is divided by (-26 + 104)/((3/(-2))/(-1)).
49
Let y = 15 - -9. Suppose -2*f + 8*f =